{"id":7415,"date":[14],"date_gmt":"2021-01-28T12:45:02","guid":{"rendered":"https:\/\/nostromo.fr\/Inea\/?post_type=actif&#038;p=7415"},"modified":"2023-04-19T20:41:58","modified_gmt":"2023-04-19T18:41:58","slug":"vision","status":"publish","type":"actif","link":"https:\/\/nostromo.fr\/Inea\/actifs\/vision\/","title":{"rendered":"Vision"},"content":{"rendered":"<section class=\"block-inea-actif-headcontent\">\n    <div class=\"bg-img\" style=\"background-image: url(https:\/\/nostromo.fr\/Inea\/wp-content\/uploads\/2021\/02\/inea-actifs-Strasbourg_Vision-4.jpg)\"><\/div>\n    <div class=\"overlay d-flex align-items-start justify-content-center flex-column\">\n        <div class=\"container\">\n            <div class=\"row\">\n                <div class=\"col-12\">\n                    <div class=\"wrapper-parallax\">\n                        <div class=\"title\">Vision<\/div>\n                                                    <div class=\"subtitle\"><p>Ouvrez les yeux<br \/>\nsur le dynamisme<br \/>\nde strasbourg<\/p>\n<\/div>\n                                            <\/div>\n                <\/div>\n            <\/div>\n        <\/div>\n                <div class=\"card-infos-wrapper\">\n            <div class=\"container\">\n                <img decoding=\"async\" data-aos=\"fade-up\" data-aos-anchor-placement=\"top-center\" class=\"card-infos\" src=\"https:\/\/nostromo.fr\/Inea\/wp-content\/uploads\/2021\/11\/inea-cartouche-vision4.svg\" alt=\"\" title=\"inea-cartouche-vision4\">\n\t\t\t\t\t            <\/div>\n        <\/div>\n        \t\t\n                        <div class=\"icon-scroll d-none d-lg-block\"><svg xmlns=\"http:\/\/www.w3.org\/2000\/svg\" width=\"17.828\" height=\"19.328\"><g fill=\"none\" stroke=\"#fff\" stroke-linecap=\"round\" stroke-width=\"2\"><path data-name=\"Trac\u00e9 82\" d=\"M1.414 10.414l7.5 7.5 7.5-7.5\"\/><path data-name=\"Trac\u00e9 83\" d=\"M1.414 1.414l7.5 7.5 7.5-7.5\"\/><\/g><\/svg><\/div>\n    <\/div>\n<\/section>\n\n<section class=\"block-inea-actif-content d-flex align-items-center justify-content-start hascontent\">\n        <div class=\"container\">\n                    <div class=\"row align-items-center\">\n                <div class=\"col-12 col-lg-6\">\n                    <div class=\"wrapper-parallax\">\n                                                    <img decoding=\"async\" src=\"https:\/\/nostromo.fr\/Inea\/wp-content\/uploads\/2021\/02\/inea-actifs-Strasbourg_Vision-2.jpg\" alt=\"\" title=\"inea-actifs-Strasbourg_Vision-2\">\n                                                            <div class=\"copyright\">\u00a9 INEA<\/div>\n                                                                        <\/div>\n                <\/div>\n                <div class=\"col-12 col-lg-6\">\n                    <div class=\"content-wrapper\">\n                                                    <h2 class=\"title\" data-aos=\"fade-up\" data-aos-duration=\"500\">Des normes<br>\r\nqui en mettent<br>\r\n<strong>plein la vue<\/strong><br><\/h2>\n                                                                            <div class=\"content-text\" data-aos=\"fade-up\" data-aos-duration=\"500\" data-aos-delay=\"300\"><p>Vision est un immeuble derni\u00e8re g\u00e9n\u00e9ration pr\u00e9sentant des plateaux de bureaux enti\u00e8rement am\u00e9nag\u00e9s et non cloisonn\u00e9s, dont les performances environnementales et \u00e9nerg\u00e9tiques correspondent aux meilleures pratiques actuelles. La certification NF HQE\u2122 B\u00e2timents Tertiaires permet de valoriser les performances des b\u00e2timents, de r\u00e9duire leurs consommations et leur impact environnemental, tout en am\u00e9liorant la sant\u00e9 et le confort des b\u00e2timents.<\/p>\n<p>Normes et labels : RT 2012 -40% \/ Certification NF B\u00e2timent Tertiaire HQE excellent \/ Label Effinergie +<\/p>\n<\/div>\n                                            <\/div>\n                <\/div>\n            <\/div>\n                                <\/div>\n<\/section>\n\n<section class=\"block-inea-actif-content d-flex align-items-center justify-content-start \">\n            <div class=\"bg-img d-none d-lg-block\" style='background-image: url(https:\/\/nostromo.fr\/Inea\/wp-content\/uploads\/2021\/02\/inea-actifs-Strasbourg_Vision-4.jpg)'><\/div>\n        <div class=\"mobile-parallax\">\n            <div class=\"bg-img d-lg-none\" style='background-image: url(https:\/\/nostromo.fr\/Inea\/wp-content\/uploads\/2021\/02\/inea-actifs-Strasbourg_Vision-4.jpg)'><\/div>\n        <\/div>\n        <div class=\"container\">\n                            <div class=\"copyright\">\u00a9 INEA<\/div>\n            <\/div>\n<\/section>\n\n<section class=\"block-inea-actif-content d-flex align-items-center justify-content-start hascontent\">\n        <div class=\"container\">\n                    <div class=\"row align-items-center\">\n                <div class=\"col-12 col-lg-6\">\n                    <div class=\"wrapper-parallax\">\n                                                    <div id=\"google-map-api\" data-latitude=\"48.59951360505337\" data-longitude=\"7.767469937059869\"><\/div> \n                            <script src=\"https:\/\/maps.googleapis.com\/maps\/api\/js?key=AIzaSyC_1iHnmcgSJGVZQhtM9hasSJpnWWpaIb4&#038;map_ids=e70437a380fca506\"><\/script>\n                            <script> \n                                function initMap() {\n                                    var zoom = 16;\n                                    var long = $(\"#google-map-api\").attr(\"data-longitude\");\n                                    var lat = $(\"#google-map-api\").attr(\"data-latitude\");\n                                    var mapOptions = { \n                                            \/\/ Map id\n                                            mapId: \"e70437a380fca506\",\n                                            zoom: zoom,\n                                            center: { lat: parseFloat(lat), lng: parseFloat(long) }\n                                    }\n                                    var map = new google.maps.Map(document.getElementById('google-map-api'), mapOptions);\n                                    var prev_infowindow = false;\n                                    var actiftitle = $(\".block-inea-actif-headcontent .title\").html();\n                                    var homeUrl = window.location.origin;\n                                    var iconUrl = homeUrl + \"\/wp-content\/themes\/inea\/images\/svg\/pin-grey.svg\";\n                                    var newimage = {\n                                        url: iconUrl,\n                                        scaledSize: new google.maps.Size(25, 40),\n                                        origin: new google.maps.Point(0, 0),\n                                        anchor: new google.maps.Point(0, 32),\n                                    };\n                                    new google.maps.Marker({\n                                        position: { lat: parseFloat(lat), lng: parseFloat(long) },\n                                        map,\n                                        icon: newimage,\n                                        title: actiftitle,\n                                    });\n                                    setTimeout(function(){\n                                        $(\"#google-map-api .gm-style > div[aria-label='Map']\").css(\"filter\", \"grayscale(1)\");\n                                    },500);\n                                };\n                                window.onload = function(){ initMap();};\n                            <\/script>\n                                            <\/div>\n                <\/div>\n                <div class=\"col-12 col-lg-6\">\n                    <div class=\"content-wrapper\">\n                                                    <h2 class=\"title\" data-aos=\"fade-up\" data-aos-duration=\"500\">un lieu accessible<br>\r\n<strong>En un clin d&rsquo;oeil<\/strong><\/h2>\n                                                                            <div class=\"content-text\" data-aos=\"fade-up\" data-aos-duration=\"500\" data-aos-delay=\"300\"><p>Le b\u00e2timent Vision est localis\u00e9 au sein du quartier d\u2019affaires international de Wacken Europe dans la zone baptis\u00e9e Archipel repr\u00e9sentant 105 000 m\u00b2 sur 4 ha environ, destin\u00e9 \u00e0 accueillir des bureaux, centres d\u2019affaires, h\u00f4tels, services, commerces et logements.<\/p>\n<p>Accessible par l\u2019autoroute, le tram ou le bus, ce complexe pr\u00e9sente un enjeu de taille pour la ville de Strasbourg, 3e m\u00e9tropole la plus attractive de France : proposer une nouvelle offre immobili\u00e8re d\u2019entreprise attractive en c\u0153ur d\u2019agglom\u00e9ration.<\/p>\n<p>Les locataires pourront b\u00e9n\u00e9ficier de bornes de recharge pour v\u00e9hicules \u00e9lectriques, ainsi que d\u2019un grand nombre de stationnements couverts pour v\u00e9los, l\u2019id\u00e9al pour se d\u00e9placer sur les 600 km de pistes cyclables de Strasbourg.<\/p>\n<\/div>\n                                            <\/div>\n                <\/div>\n            <\/div>\n                                <\/div>\n<\/section>\n\n<section class=\"block-inea-actif-slider-text d-lg-flex align-items-lg-center\">\n    <div class=\"container\">\n        <div class=\"row align-items-center\">\n            <div class=\"col-12 col-lg-5 order-2 order-lg-1\">\n                <div class=\"content-wrapper\">\n                                            <h2 class=\"title\"><p>Un nouveau regard<br \/>\n<strong>sur le confort<\/strong><\/p>\n<\/h2>\n                                                                <div class=\"content-text\"><p>Localisation exceptionnelle, jardin suspendu, parkings en sous-sol, surface commerciale au rez-de-chauss\u00e9e\u2026 pas de doute que l\u2019immeuble de bureaux Vision remportera l\u2019adh\u00e9sion des occupants, car il r\u00e9pond aux tendances actuelles avec ses larges espaces de travail ouverts.<\/p>\n<\/div>\n                                    <\/div>\n            <\/div>\n            <div class=\"col-12 col-lg-7 order-1 order-lg-2\">\n                                    <div class=\"slider-wrapper\">\n                        <div class=\"swiper-container\">\n                            <div class=\"swiper-wrapper align-items-center\">\n                                                                    <div class=\"swiper-slide\">\n                                                                                <img decoding=\"async\" src=\"https:\/\/nostromo.fr\/Inea\/wp-content\/uploads\/2021\/02\/inea-actifs-Strasbourg_Vision-7-804x574.jpg\" alt=\"\" title=\"inea-actifs-Strasbourg_Vision-7\">\n                                    <\/div>\n                                                            <\/div>\n                            <div class=\"swiper-pagination\"><\/div>\n                        <\/div>\n                    <\/div>\n                            <\/div>\n        <\/div>\n    <\/div>\n<\/section>","protected":false},"featured_media":10352,"template":"","meta":{"_acf_changed":false,"inline_featured_image":false},"typologie":[21],"taille":[121],"localisation":[67],"class_list":["post-7415","actif","type-actif","status-publish","has-post-thumbnail","hentry","typologie-bureaux","taille-121","localisation-strasbourg","date-14"],"acf":[],"_links":{"self":[{"href":"https:\/\/nostromo.fr\/Inea\/wp-json\/wp\/v2\/actif\/7415","targetHints":{"allow":["GET"]}}],"collection":[{"href":"https:\/\/nostromo.fr\/Inea\/wp-json\/wp\/v2\/actif"}],"about":[{"href":"https:\/\/nostromo.fr\/Inea\/wp-json\/wp\/v2\/types\/actif"}],"wp:featuredmedia":[{"embeddable":true,"href":"https:\/\/nostromo.fr\/Inea\/wp-json\/wp\/v2\/media\/10352"}],"wp:attachment":[{"href":"https:\/\/nostromo.fr\/Inea\/wp-json\/wp\/v2\/media?parent=7415"}],"wp:term":[{"taxonomy":"typologie","embeddable":true,"href":"https:\/\/nostromo.fr\/Inea\/wp-json\/wp\/v2\/typologie?post=7415"},{"taxonomy":"taille","embeddable":true,"href":"https:\/\/nostromo.fr\/Inea\/wp-json\/wp\/v2\/taille?post=7415"},{"taxonomy":"localisation","embeddable":true,"href":"https:\/\/nostromo.fr\/Inea\/wp-json\/wp\/v2\/localisation?post=7415"},{"taxonomy":"date","embeddable":true,"href":"https:\/\/nostromo.fr\/Inea\/wp-json\/wp\/v2\/date?post=7415"}],"curies":[{"name":"wp","href":"https:\/\/api.w.org\/{rel}","templated":true}]}}

<section class="block-inea-actif-headcontent">
    <div class="bg-img" style="background-image: url(https://nostromo.fr/Inea/wp-content/uploads/2021/02/inea-actifs-Strasbourg_Vision-4.jpg)"></div>
    <div class="overlay d-flex align-items-start justify-content-center flex-column">
        <div class="container">
            <div class="row">
                <div class="col-12">
                    <div class="wrapper-parallax">
                        <div class="title">Vision</div>
                                                    <div class="subtitle"><p>Ouvrez les yeux<br />
sur le dynamisme<br />
de strasbourg</p>
</div>
                                            </div>
                </div>
            </div>
        </div>
                <div class="card-infos-wrapper">
            <div class="container">
                <img decoding="async" data-aos="fade-up" data-aos-anchor-placement="top-center" class="card-infos" src="https://nostromo.fr/Inea/wp-content/uploads/2021/11/inea-cartouche-vision4.svg" alt="" title="inea-cartouche-vision4">
					            </div>
        </div>
        		
                        <div class="icon-scroll d-none d-lg-block"><svg xmlns="http://www.w3.org/2000/svg" width="17.828" height="19.328"><g fill="none" stroke="#fff" stroke-linecap="round" stroke-width="2"><path data-name="Tracé 82" d="M1.414 10.414l7.5 7.5 7.5-7.5"/><path data-name="Tracé 83" d="M1.414 1.414l7.5 7.5 7.5-7.5"/></g></svg></div>
    </div>
</section>

<section class="block-inea-actif-content d-flex align-items-center justify-content-start hascontent">
        <div class="container">
                    <div class="row align-items-center">
                <div class="col-12 col-lg-6">
                    <div class="wrapper-parallax">
                                                    <img decoding="async" src="https://nostromo.fr/Inea/wp-content/uploads/2021/02/inea-actifs-Strasbourg_Vision-2.jpg" alt="" title="inea-actifs-Strasbourg_Vision-2">
                                                            <div class="copyright">© INEA</div>
                                                                        </div>
                </div>
                <div class="col-12 col-lg-6">
                    <div class="content-wrapper">
                                                    <h2 class="title" data-aos="fade-up" data-aos-duration="500">Des normes<br>
qui en mettent<br>
<strong>plein la vue</strong><br></h2>
                                                                            <div class="content-text" data-aos="fade-up" data-aos-duration="500" data-aos-delay="300"><p>Vision est un immeuble dernière génération présentant des plateaux de bureaux entièrement aménagés et non cloisonnés, dont les performances environnementales et énergétiques correspondent aux meilleures pratiques actuelles. La certification NF HQE™ Bâtiments Tertiaires permet de valoriser les performances des bâtiments, de réduire leurs consommations et leur impact environnemental, tout en améliorant la santé et le confort des bâtiments.</p>
<p>Normes et labels : RT 2012 -40% / Certification NF Bâtiment Tertiaire HQE excellent / Label Effinergie +</p>
</div>
                                            </div>
                </div>
            </div>
                                </div>
</section>

<section class="block-inea-actif-content d-flex align-items-center justify-content-start ">
            <div class="bg-img d-none d-lg-block" style='background-image: url(https://nostromo.fr/Inea/wp-content/uploads/2021/02/inea-actifs-Strasbourg_Vision-4.jpg)'></div>
        <div class="mobile-parallax">
            <div class="bg-img d-lg-none" style='background-image: url(https://nostromo.fr/Inea/wp-content/uploads/2021/02/inea-actifs-Strasbourg_Vision-4.jpg)'></div>
        </div>
        <div class="container">
                            <div class="copyright">© INEA</div>
            </div>
</section>

<section class="block-inea-actif-content d-flex align-items-center justify-content-start hascontent">
        <div class="container">
                    <div class="row align-items-center">
                <div class="col-12 col-lg-6">
                    <div class="wrapper-parallax">
                                                    <div id="google-map-api" data-latitude="48.59951360505337" data-longitude="7.767469937059869"></div> 
                            <script src="https://maps.googleapis.com/maps/api/js?key=AIzaSyC_1iHnmcgSJGVZQhtM9hasSJpnWWpaIb4&#038;map_ids=e70437a380fca506"></script>
                            <script> 
                                function initMap() {
                                    var zoom = 16;
                                    var long = $("#google-map-api").attr("data-longitude");
                                    var lat = $("#google-map-api").attr("data-latitude");
                                    var mapOptions = { 
                                            // Map id
                                            mapId: "e70437a380fca506",
                                            zoom: zoom,
                                            center: { lat: parseFloat(lat), lng: parseFloat(long) }
                                    }
                                    var map = new google.maps.Map(document.getElementById('google-map-api'), mapOptions);
                                    var prev_infowindow = false;
                                    var actiftitle = $(".block-inea-actif-headcontent .title").html();
                                    var homeUrl = window.location.origin;
                                    var iconUrl = homeUrl + "/wp-content/themes/inea/images/svg/pin-grey.svg";
                                    var newimage = {
                                        url: iconUrl,
                                        scaledSize: new google.maps.Size(25, 40),
                                        origin: new google.maps.Point(0, 0),
                                        anchor: new google.maps.Point(0, 32),
                                    };
                                    new google.maps.Marker({
                                        position: { lat: parseFloat(lat), lng: parseFloat(long) },
                                        map,
                                        icon: newimage,
                                        title: actiftitle,
                                    });
                                    setTimeout(function(){
                                        $("#google-map-api .gm-style > div[aria-label='Map']").css("filter", "grayscale(1)");
                                    },500);
                                };
                                window.onload = function(){ initMap();};
                            </script>
                                            </div>
                </div>
                <div class="col-12 col-lg-6">
                    <div class="content-wrapper">
                                                    <h2 class="title" data-aos="fade-up" data-aos-duration="500">un lieu accessible<br>
<strong>En un clin d&rsquo;oeil</strong></h2>
                                                                            <div class="content-text" data-aos="fade-up" data-aos-duration="500" data-aos-delay="300"><p>Le bâtiment Vision est localisé au sein du quartier d’affaires international de Wacken Europe dans la zone baptisée Archipel représentant 105 000 m² sur 4 ha environ, destiné à accueillir des bureaux, centres d’affaires, hôtels, services, commerces et logements.</p>
<p>Accessible par l’autoroute, le tram ou le bus, ce complexe présente un enjeu de taille pour la ville de Strasbourg, 3e métropole la plus attractive de France : proposer une nouvelle offre immobilière d’entreprise attractive en cœur d’agglomération.</p>
<p>Les locataires pourront bénéficier de bornes de recharge pour véhicules électriques, ainsi que d’un grand nombre de stationnements couverts pour vélos, l’idéal pour se déplacer sur les 600 km de pistes cyclables de Strasbourg.</p>
</div>
                                            </div>
                </div>
            </div>
                                </div>
</section>

<section class="block-inea-actif-slider-text d-lg-flex align-items-lg-center">
    <div class="container">
        <div class="row align-items-center">
            <div class="col-12 col-lg-5 order-2 order-lg-1">
                <div class="content-wrapper">
                                            <h2 class="title"><p>Un nouveau regard<br />
<strong>sur le confort</strong></p>
</h2>
                                                                <div class="content-text"><p>Localisation exceptionnelle, jardin suspendu, parkings en sous-sol, surface commerciale au rez-de-chaussée… pas de doute que l’immeuble de bureaux Vision remportera l’adhésion des occupants, car il répond aux tendances actuelles avec ses larges espaces de travail ouverts.</p>
</div>
                                    </div>
            </div>
            <div class="col-12 col-lg-7 order-1 order-lg-2">
                                    <div class="slider-wrapper">
                        <div class="swiper-container">
                            <div class="swiper-wrapper align-items-center">
                                                                    <div class="swiper-slide">
                                                                                <img decoding="async" src="https://nostromo.fr/Inea/wp-content/uploads/2021/02/inea-actifs-Strasbourg_Vision-7-804x574.jpg" alt="" title="inea-actifs-Strasbourg_Vision-7">
                                    </div>
                                                            </div>
                            <div class="swiper-pagination"></div>
                        </div>
                    </div>
                            </div>
        </div>
    </div>
</section>
