{"id":7600,"date":[152],"date_gmt":"2011-02-01T13:42:00","guid":{"rendered":"https:\/\/nostromo.fr\/Inea\/?post_type=actif&#038;p=7600"},"modified":"2021-11-05T20:32:31","modified_gmt":"2021-11-05T19:32:31","slug":"le-nantil","status":"publish","type":"actif","link":"https:\/\/nostromo.fr\/Inea\/actifs\/le-nantil\/","title":{"rendered":"Le Nant\u00eel"},"content":{"rendered":"<section class=\"block-inea-actif-headcontent\">\n    <div class=\"bg-img\" style=\"background-image: url(https:\/\/nostromo.fr\/Inea\/wp-content\/uploads\/2009\/02\/NANTIL_H@2x-scaled.jpg)\"><\/div>\n    <div class=\"overlay d-flex align-items-start justify-content-center flex-column\">\n        <div class=\"container\">\n            <div class=\"row\">\n                <div class=\"col-12\">\n                    <div class=\"wrapper-parallax\">\n                        <div class=\"title\">Le Nant\u00eel<\/div>\n                                                    <div class=\"subtitle\"><p>DE BONNES RAISONS<br \/>DE S&rsquo;INSTALLER SUR L&rsquo;\u00ceLE DE NANTES<\/p>\n<\/div>\n                                            <\/div>\n                <\/div>\n            <\/div>\n        <\/div>\n                <div class=\"card-infos-wrapper\">\n            <div class=\"container\">\n                <img decoding=\"async\" data-aos=\"fade-up\" data-aos-anchor-placement=\"top-center\" class=\"card-infos\" src=\"https:\/\/nostromo.fr\/Inea\/wp-content\/uploads\/2021\/11\/inea-cartouche-lenantil4.svg\" alt=\"\" title=\"inea-cartouche-lenantil4\">\n\t\t\t\t\t            <\/div>\n        <\/div>\n        \t\t\n                        <div class=\"icon-scroll d-none d-lg-block\"><svg xmlns=\"http:\/\/www.w3.org\/2000\/svg\" width=\"17.828\" height=\"19.328\"><g fill=\"none\" stroke=\"#fff\" stroke-linecap=\"round\" stroke-width=\"2\"><path data-name=\"Trac\u00e9 82\" d=\"M1.414 10.414l7.5 7.5 7.5-7.5\"\/><path data-name=\"Trac\u00e9 83\" d=\"M1.414 1.414l7.5 7.5 7.5-7.5\"\/><\/g><\/svg><\/div>\n    <\/div>\n<\/section>\n\n<section class=\"block-inea-actif-content d-flex align-items-center justify-content-start hascontent\">\n        <div class=\"container\">\n                    <div class=\"row align-items-center\">\n                <div class=\"col-12 col-lg-6\">\n                    <div class=\"wrapper-parallax\">\n                                                    <img decoding=\"async\" src=\"https:\/\/nostromo.fr\/Inea\/wp-content\/uploads\/2009\/02\/NANTIL_1@2x.jpg\" alt=\"\" title=\"NANTIL_1@2x\">\n                                                                        <\/div>\n                <\/div>\n                <div class=\"col-12 col-lg-6\">\n                    <div class=\"content-wrapper\">\n                                                    <h2 class=\"title\" data-aos=\"fade-up\" data-aos-duration=\"500\">DEUX IMMEUBLES NEUFS ET<br><strong>PERFORMANTS SUR LE PLAN ENVIRONNEMENTAL<\/strong><\/h2>\n                                                                            <div class=\"content-text\" data-aos=\"fade-up\" data-aos-duration=\"500\" data-aos-delay=\"300\"><p>Ce projet de densification d\u2019un site existant a \u00e9t\u00e9 men\u00e9 sous l\u2019impulsion et avec le soutien de l\u2019am\u00e9nageur local (la SAMOA), soucieuse de faire \u00e9voluer le secteur strat\u00e9gique de l\u2019Ile de Nantes.<br \/>\nFonci\u00e8re INEA a ainsi fait d\u00e9velopper 2 nouveaux immeubles de bureaux neufs sur la r\u00e9serve fonci\u00e8re de son site du Nantil, acquis en deux parties en 2009 et 2011. Non seulement les deux immeubles neufs du Nant\u00eel, en R+8, sont tr\u00e8s performants sur le plan environnemental, mais ils privil\u00e9gient le bien-\u00eatre de l\u2019occupant, qui b\u00e9n\u00e9ficie d\u2019une bonne desserte en transports en commun (liaison directe avec la gare TGV ; Chronobus au pied de l\u2019ensemble) et de la proximit\u00e9 avec une v\u00e9loroute, am\u00e9nag\u00e9e sur une parcelle c\u00e9d\u00e9e \u00e0 la Ville par Fonci\u00e8re INEA. Ils sont lou\u00e9s en totalit\u00e9 \u00e0 la Ville de Nantes, via des baux de six ans fermes. A cette occasion, le premier ensemble datant des ann\u00e9es 80, en R+2, a \u00e9t\u00e9 compl\u00e8tement r\u00e9nov\u00e9 pour rendre le nouveau site coh\u00e9rent et homog\u00e8ne.<\/p>\n<\/div>\n                                            <\/div>\n                <\/div>\n            <\/div>\n                                <\/div>\n<\/section>","protected":false},"featured_media":8293,"template":"","meta":{"_acf_changed":false,"inline_featured_image":false},"typologie":[21],"taille":[138],"localisation":[143],"class_list":["post-7600","actif","type-actif","status-publish","has-post-thumbnail","hentry","typologie-bureaux","taille-138","localisation-nantes","date-152"],"acf":[],"_links":{"self":[{"href":"https:\/\/nostromo.fr\/Inea\/wp-json\/wp\/v2\/actif\/7600","targetHints":{"allow":["GET"]}}],"collection":[{"href":"https:\/\/nostromo.fr\/Inea\/wp-json\/wp\/v2\/actif"}],"about":[{"href":"https:\/\/nostromo.fr\/Inea\/wp-json\/wp\/v2\/types\/actif"}],"wp:featuredmedia":[{"embeddable":true,"href":"https:\/\/nostromo.fr\/Inea\/wp-json\/wp\/v2\/media\/8293"}],"wp:attachment":[{"href":"https:\/\/nostromo.fr\/Inea\/wp-json\/wp\/v2\/media?parent=7600"}],"wp:term":[{"taxonomy":"typologie","embeddable":true,"href":"https:\/\/nostromo.fr\/Inea\/wp-json\/wp\/v2\/typologie?post=7600"},{"taxonomy":"taille","embeddable":true,"href":"https:\/\/nostromo.fr\/Inea\/wp-json\/wp\/v2\/taille?post=7600"},{"taxonomy":"localisation","embeddable":true,"href":"https:\/\/nostromo.fr\/Inea\/wp-json\/wp\/v2\/localisation?post=7600"},{"taxonomy":"date","embeddable":true,"href":"https:\/\/nostromo.fr\/Inea\/wp-json\/wp\/v2\/date?post=7600"}],"curies":[{"name":"wp","href":"https:\/\/api.w.org\/{rel}","templated":true}]}}

Le Nantîl

<section class="block-inea-actif-headcontent">
    <div class="bg-img" style="background-image: url(https://nostromo.fr/Inea/wp-content/uploads/2009/02/NANTIL_H@2x-scaled.jpg)"></div>
    <div class="overlay d-flex align-items-start justify-content-center flex-column">
        <div class="container">
            <div class="row">
                <div class="col-12">
                    <div class="wrapper-parallax">
                        <div class="title">Le Nantîl</div>
                                                    <div class="subtitle"><p>DE BONNES RAISONS<br />DE S&rsquo;INSTALLER SUR L&rsquo;ÎLE DE NANTES</p>
</div>
                                            </div>
                </div>
            </div>
        </div>
                <div class="card-infos-wrapper">
            <div class="container">
                <img decoding="async" data-aos="fade-up" data-aos-anchor-placement="top-center" class="card-infos" src="https://nostromo.fr/Inea/wp-content/uploads/2021/11/inea-cartouche-lenantil4.svg" alt="" title="inea-cartouche-lenantil4">
					            </div>
        </div>
        		
                        <div class="icon-scroll d-none d-lg-block"><svg xmlns="http://www.w3.org/2000/svg" width="17.828" height="19.328"><g fill="none" stroke="#fff" stroke-linecap="round" stroke-width="2"><path data-name="Tracé 82" d="M1.414 10.414l7.5 7.5 7.5-7.5"/><path data-name="Tracé 83" d="M1.414 1.414l7.5 7.5 7.5-7.5"/></g></svg></div>
    </div>
</section>

<section class="block-inea-actif-content d-flex align-items-center justify-content-start hascontent">
        <div class="container">
                    <div class="row align-items-center">
                <div class="col-12 col-lg-6">
                    <div class="wrapper-parallax">
                                                    <img decoding="async" src="https://nostromo.fr/Inea/wp-content/uploads/2009/02/NANTIL_1@2x.jpg" alt="" title="NANTIL_1@2x">
                                                                        </div>
                </div>
                <div class="col-12 col-lg-6">
                    <div class="content-wrapper">
                                                    <h2 class="title" data-aos="fade-up" data-aos-duration="500">DEUX IMMEUBLES NEUFS ET<br><strong>PERFORMANTS SUR LE PLAN ENVIRONNEMENTAL</strong></h2>
                                                                            <div class="content-text" data-aos="fade-up" data-aos-duration="500" data-aos-delay="300"><p>Ce projet de densification d’un site existant a été mené sous l’impulsion et avec le soutien de l’aménageur local (la SAMOA), soucieuse de faire évoluer le secteur stratégique de l’Ile de Nantes.<br />
Foncière INEA a ainsi fait développer 2 nouveaux immeubles de bureaux neufs sur la réserve foncière de son site du Nantil, acquis en deux parties en 2009 et 2011. Non seulement les deux immeubles neufs du Nantîl, en R+8, sont très performants sur le plan environnemental, mais ils privilégient le bien-être de l’occupant, qui bénéficie d’une bonne desserte en transports en commun (liaison directe avec la gare TGV ; Chronobus au pied de l’ensemble) et de la proximité avec une véloroute, aménagée sur une parcelle cédée à la Ville par Foncière INEA. Ils sont loués en totalité à la Ville de Nantes, via des baux de six ans fermes. A cette occasion, le premier ensemble datant des années 80, en R+2, a été complètement rénové pour rendre le nouveau site cohérent et homogène.</p>
</div>
                                            </div>
                </div>
            </div>
                                </div>
</section>
