{"id":11683,"date":"2025-05-13T13:05:17","date_gmt":"2025-05-13T11:05:17","guid":{"rendered":"https:\/\/nostromo.fr\/Inea\/?page_id=11683"},"modified":"2025-05-15T16:01:38","modified_gmt":"2025-05-15T14:01:38","slug":"regions","status":"publish","type":"page","link":"https:\/\/nostromo.fr\/Inea\/regions\/","title":{"rendered":"R\u00e9gions"},"content":{"rendered":"<section class=\"block-inea-content  has_bg_img bg-parallax  has-img-mobile full-screen has-bottom-fixed single-content\" >\n            <div class=\"bg-img default  d-none d-md-block\"  style=\"background-image: url(https:\/\/nostromo.fr\/Inea\/wp-content\/uploads\/2025\/05\/2025-simon-pallard-OtLQLsry_UM-unsplash.jpg\"><\/div>\n                        <div class=\"wrapper-mobile-parallax d-md-none\">\n            <img decoding=\"async\" class=\"m-0\" src=\"https:\/\/nostromo.fr\/Inea\/wp-content\/uploads\/2025\/05\/2025-simon-pallard-OtLQLsry_UM-unsplash-mobile.jpg\" alt=\"\" title=\"2025-simon-pallard-OtLQLsry_UM-unsplash-mobile\">\n        <\/div>\n            <div class=\"overlay d-flex align-items-center\">\n        <div class=\"container mb-5 mb-lg-0\">\n            <div class=\"row justify-content-center\">\n                <div class=\"col-lg-12 text-center\">\n                    <div class=\"parallax-content-wrapper\">\n                        <div class=\"title-wrapper\">\n                                                                                                            <\/div>\n                                                    <div class=\"content-wysiwyg text-white d-inline-block\" data-aos='fade-up' data-aos-duration='800'  data-aos-easing='ease-in-out' data-aos-delay='300'>\n                                <div class=\"title-wrapper\">\n<h1 class=\"title text-white aos-init aos-animate jm2025-h1-title\" data-aos=\"fade-up\" data-aos-duration=\"800\" data-aos-easing=\"ease-in-out\"><span class=\"jm2025-titresmall\">Acteur majeur de <br \/>l&rsquo;<\/span>investissement<span class=\"jm2025-titresmall\"> <br \/>en <\/span>r\u00e9gions<\/h1>\n<\/div>\n                            <\/div>\n                                            <\/div>\n                <\/div>\n            <\/div>\n                                <\/div>\n                <div class=\"bottom-fixed\">\n                                        <div class=\"text-center\">\n                    <div class=\"icon-scroll\"><svg xmlns=\"http:\/\/www.w3.org\/2000\/svg\" width=\"17.828\" height=\"19.328\"><g fill=\"none\" stroke=\"#fff\" stroke-linecap=\"round\" stroke-width=\"2\"><path data-name=\"Trac\u00e9 82\" d=\"M1.414 10.414l7.5 7.5 7.5-7.5\"\/><path data-name=\"Trac\u00e9 83\" d=\"M1.414 1.414l7.5 7.5 7.5-7.5\"\/><\/g><\/svg><\/div>\n                <\/div>\n                    <\/div>\n            <\/div>\n    <\/section>\n\n<section class=\"block-inea-content  has_bg_img   full-screen has-bottom-fixed single-content\" >\n            <div class=\"bg-img default \"  style=\"background-image: url(https:\/\/nostromo.fr\/Inea\/wp-content\/uploads\/2025\/05\/2025-fond-bleu.jpg\"><\/div>\n                <div class=\"overlay d-flex align-items-center\">\n        <div class=\"container mb-5 mb-lg-0\">\n            <div class=\"row justify-content-start\">\n                <div class=\"col-lg-12 text-left\">\n                    <div class=\"parallax-content-wrapper\">\n                        <div class=\"title-wrapper\">\n                                                                                                                    <h2 class=\"title text-white\" data-aos='fade-up' data-aos-duration='800' data-aos-easing='ease-in-out'>Notre manifeste<\/h2>\n                                                    <\/div>\n                                                    <div class=\"content-wysiwyg text-white d-inline-block\" data-aos='fade-up' data-aos-duration='800'  data-aos-easing='ease-in-out' data-aos-delay='300'>\n                                <p>L\u2019avenir s\u2019\u00e9crit dans les r\u00e9gions.<\/p>\n<p>Ces territoires \u2013 nouveau centre de gravit\u00e9 \u2013 se transforment, cr\u00e9ent, se d\u00e9veloppent, aujourd\u2019hui \u00e0 grande vitesse. Ils attirent, toujours plus.  <\/p>\n<p>Cette dynamique, nous avons anticip\u00e9, \u00e0 nos d\u00e9buts, qu\u2019elle allait s\u2019intensifier. Et investi avec audace pour l\u2019accompagner, l\u2019alimenter \u00e0 notre \u00e9chelle.<\/p>\n<p>Pionniers d\u2019un immobilier tertiaire durable, nous b\u00e2tissons un patrimoine neuf et comp\u00e9titif. Notre mod\u00e8le, \u00e9prouv\u00e9, se singularise par ses impacts environnementaux et \u00e9conomiques tr\u00e8s positifs.<\/p>\n<p>Nous sommes la seule fonci\u00e8re de bureaux cot\u00e9e 100&nbsp;% r\u00e9gions et revendiquons avec force cet ancrage.  <\/p>\n<p>Investir avec nous, c\u2019est miser sur l\u2019\u00e9conomie r\u00e9elle, l\u00e0 o\u00f9 elle s\u2019invente, l\u00e0 o\u00f9 elle grandit.<\/p>\n                            <\/div>\n                                            <\/div>\n                <\/div>\n            <\/div>\n                                <\/div>\n                <div class=\"bottom-fixed\">\n                                        <div class=\"text-center\">\n                    <div class=\"icon-scroll\"><svg xmlns=\"http:\/\/www.w3.org\/2000\/svg\" width=\"17.828\" height=\"19.328\"><g fill=\"none\" stroke=\"#fff\" stroke-linecap=\"round\" stroke-width=\"2\"><path data-name=\"Trac\u00e9 82\" d=\"M1.414 10.414l7.5 7.5 7.5-7.5\"\/><path data-name=\"Trac\u00e9 83\" d=\"M1.414 1.414l7.5 7.5 7.5-7.5\"\/><\/g><\/svg><\/div>\n                <\/div>\n                    <\/div>\n            <\/div>\n    <\/section>\n\n<section class=\"block-inea-content  no_bg_img bg-fixed   has-bottom-fixed single-content\" >\n                <div class=\"overlay d-flex align-items-center\">\n        <div class=\"container mb-5 mb-lg-0\">\n            <div class=\"row justify-content-start\">\n                <div class=\"col-lg-12 text-left\">\n                    <div class=\"parallax-content-wrapper\">\n                        <div class=\"title-wrapper\">\n                                                                                                                    <h2 class=\"title text-blue\" data-aos='fade-up' data-aos-duration='800' data-aos-easing='ease-in-out'>Accompagner le d\u00e9veloppement des r\u00e9gions<\/h2>\n                                                    <\/div>\n                                            <\/div>\n                <\/div>\n            <\/div>\n                                <\/div>\n                <div class=\"bottom-fixed\">\n                                        <div class=\"text-center\">\n                    <div class=\"icon-scroll\"><svg xmlns=\"http:\/\/www.w3.org\/2000\/svg\" width=\"17.828\" height=\"19.328\"><g fill=\"none\" stroke=\"#fff\" stroke-linecap=\"round\" stroke-width=\"2\"><path data-name=\"Trac\u00e9 82\" d=\"M1.414 10.414l7.5 7.5 7.5-7.5\"\/><path data-name=\"Trac\u00e9 83\" d=\"M1.414 1.414l7.5 7.5 7.5-7.5\"\/><\/g><\/svg><\/div>\n                <\/div>\n                    <\/div>\n            <\/div>\n    <\/section>\n\n<section class=\"block-inea-content jm2025-bloc-2columns jm2025-bloc-withcolumns has_bg_img bg-parallax has-layer full-screen has-bottom-fixed single-content\" >\n            <div class=\"bg-img default \"  style=\"background-image: url(https:\/\/nostromo.fr\/Inea\/wp-content\/uploads\/2025\/05\/2025-WEARECONTENTS_CARTA-HUBside-DSC00526-V3.jpg\"><\/div>\n                <div class=\"overlay d-flex align-items-center\">\n        <div class=\"container mb-5 mb-lg-0\">\n            <div class=\"row justify-content-start\">\n                <div class=\"col-lg-12 text-left\">\n                    <div class=\"parallax-content-wrapper\">\n                        <div class=\"title-wrapper\">\n                                                                                                            <\/div>\n                                            <\/div>\n                <\/div>\n            <\/div>\n                            <div class=\"row justify-content-center content-columns mobile-column\">\n                    <div class=\"col-lg-12\">\n                        <div class=\"row justify-content-center\">\n                                                                                        <div class=\"col-9 col-lg-4 mb-3 mb-lg-0 elem-column\" data-aos=\"fade-up\" data-aos-duration=\"600\" data-aos-easing=\"ease-in-out\" data-aos-delay=\"800\" data-aos-anchor=\"\" data-aos-anchor-placement=\"top\">\n                                                                                                                <div class=\"content text-white\"><div class=\"title-wrapper\">\r\n<h2 class=\"title text-white aos-init aos-animate jm2025-wide-title\" data-aos=\"fade-up\" data-aos-duration=\"800\" data-aos-easing=\"ease-in-out\">Le dynamisme des r\u00e9gions<\/h2>\r\n<\/div>\r\nLes grandes m\u00e9tropoles r\u00e9gionales, et plus largement les r\u00e9gions dans leur globalit\u00e9 portent aujourd\u2019hui le d\u00e9veloppement \u00e9conomique fran\u00e7ais.<\/div>\n                                                                    <\/div>\n                                                                                            <div class=\"col-9 col-lg-4 mb-3 mb-lg-0 elem-column\" data-aos=\"fade-up\" data-aos-duration=\"600\" data-aos-easing=\"ease-in-out\" data-aos-delay=\"1000\" data-aos-anchor=\"\" data-aos-anchor-placement=\"top\">\n                                                                            <div class=\"title text-white\">20,2&nbsp;%<\/div>\n                                                                                                                <div class=\"content text-white\">La croissance du PIB en France (hors \u00cele-de-France) entre 2018 et 2023, contre 17,1&nbsp;% en \u00cele-de-France.<\/div>\n                                                                    <\/div>\n                                                                                    <\/div>\n                    <\/div>\n                <\/div>\n                                <\/div>\n                <div class=\"bottom-fixed\">\n                                        <div class=\"text-center\">\n                    <div class=\"icon-scroll\"><svg xmlns=\"http:\/\/www.w3.org\/2000\/svg\" width=\"17.828\" height=\"19.328\"><g fill=\"none\" stroke=\"#fff\" stroke-linecap=\"round\" stroke-width=\"2\"><path data-name=\"Trac\u00e9 82\" d=\"M1.414 10.414l7.5 7.5 7.5-7.5\"\/><path data-name=\"Trac\u00e9 83\" d=\"M1.414 1.414l7.5 7.5 7.5-7.5\"\/><\/g><\/svg><\/div>\n                <\/div>\n                    <\/div>\n            <\/div>\n    <\/section>\n\n<section class=\"block-inea-content jm2025-bloc-2columns jm2025-bloc-withcolumns has_bg_img bg-parallax has-layer full-screen has-bottom-fixed single-content\" >\n            <div class=\"bg-img default \"  style=\"background-image: url(https:\/\/nostromo.fr\/Inea\/wp-content\/uploads\/2025\/05\/2025-maya-h-D_CIeUBN0OM-unsplash-V3.jpg\"><\/div>\n                <div class=\"overlay d-flex align-items-center\">\n        <div class=\"container mb-5 mb-lg-0\">\n            <div class=\"row justify-content-start\">\n                <div class=\"col-lg-12 text-left\">\n                    <div class=\"parallax-content-wrapper\">\n                        <div class=\"title-wrapper\">\n                                                                                                            <\/div>\n                                            <\/div>\n                <\/div>\n            <\/div>\n                            <div class=\"row justify-content-center content-columns mobile-column\">\n                    <div class=\"col-lg-12\">\n                        <div class=\"row justify-content-center\">\n                                                                                        <div class=\"col-9 col-lg-4 mb-3 mb-lg-0 elem-column\" data-aos=\"fade-up\" data-aos-duration=\"600\" data-aos-easing=\"ease-in-out\" data-aos-delay=\"800\" data-aos-anchor=\"\" data-aos-anchor-placement=\"top\">\n                                                                                                                <div class=\"content text-white\"><div class=\"title-wrapper\">\r\n<h2 class=\"title text-white aos-init aos-animate jm2025-wide-title\" data-aos=\"fade-up\" data-aos-duration=\"800\" data-aos-easing=\"ease-in-out\">L&rsquo;attractivit\u00e9 des territoires<\/h2>\r\n<\/div>\r\nQualit\u00e9 de vie, march\u00e9 de l\u2019emploi dynamique, \u00e9tablissements d\u2019enseignement sup\u00e9rieur de haut niveau, offres immobili\u00e8re et de transports qualitatives\u2026 Les m\u00e9tropoles r\u00e9gionales disposent d\u2019ind\u00e9niables et solides atouts expliquant leur attractivit\u00e9.<\/div>\n                                                                    <\/div>\n                                                                                            <div class=\"col-9 col-lg-4 mb-3 mb-lg-0 elem-column\" data-aos=\"fade-up\" data-aos-duration=\"600\" data-aos-easing=\"ease-in-out\" data-aos-delay=\"1000\" data-aos-anchor=\"\" data-aos-anchor-placement=\"top\">\n                                                                            <div class=\"title text-white\">55&nbsp;%<\/div>\n                                                                                                                <div class=\"content text-white\">La part des r\u00e9gions (hors \u00cele-de-France) dans les investissements en immobilier d\u2019entreprise en 2024. Premi\u00e8re ann\u00e9e o\u00f9 elle est sup\u00e9rieure \u00e0 celle de l\u2019\u00cele-de-France.<\/div>\n                                                                    <\/div>\n                                                                                    <\/div>\n                    <\/div>\n                <\/div>\n                                <\/div>\n                <div class=\"bottom-fixed\">\n                                        <div class=\"text-center\">\n                    <div class=\"icon-scroll\"><svg xmlns=\"http:\/\/www.w3.org\/2000\/svg\" width=\"17.828\" height=\"19.328\"><g fill=\"none\" stroke=\"#fff\" stroke-linecap=\"round\" stroke-width=\"2\"><path data-name=\"Trac\u00e9 82\" d=\"M1.414 10.414l7.5 7.5 7.5-7.5\"\/><path data-name=\"Trac\u00e9 83\" d=\"M1.414 1.414l7.5 7.5 7.5-7.5\"\/><\/g><\/svg><\/div>\n                <\/div>\n                    <\/div>\n            <\/div>\n    <\/section>\n\n<section class=\"block-inea-content  no_bg_img bg-fixed   has-bottom-fixed single-content\" >\n                <div class=\"overlay d-flex align-items-center\">\n        <div class=\"container mb-5 mb-lg-0\">\n            <div class=\"row justify-content-start\">\n                <div class=\"col-lg-12 text-left\">\n                    <div class=\"parallax-content-wrapper\">\n                        <div class=\"title-wrapper\">\n                                                                                                                    <h2 class=\"title text-blue\" data-aos='fade-up' data-aos-duration='800' data-aos-easing='ease-in-out'>Le pari anticip\u00e9 et gagnant de l&rsquo;immobilier durable en r\u00e9gions<\/h2>\n                                                    <\/div>\n                                            <\/div>\n                <\/div>\n            <\/div>\n                                <\/div>\n                <div class=\"bottom-fixed\">\n                                        <div class=\"text-center\">\n                    <div class=\"icon-scroll\"><svg xmlns=\"http:\/\/www.w3.org\/2000\/svg\" width=\"17.828\" height=\"19.328\"><g fill=\"none\" stroke=\"#fff\" stroke-linecap=\"round\" stroke-width=\"2\"><path data-name=\"Trac\u00e9 82\" d=\"M1.414 10.414l7.5 7.5 7.5-7.5\"\/><path data-name=\"Trac\u00e9 83\" d=\"M1.414 1.414l7.5 7.5 7.5-7.5\"\/><\/g><\/svg><\/div>\n                <\/div>\n                    <\/div>\n            <\/div>\n    <\/section>\n\n<section class=\"block-inea-content  has_bg_img bg-parallax has-layer full-screen has-bottom-fixed single-content\" >\n            <div class=\"bg-img default \"  style=\"background-image: url(https:\/\/nostromo.fr\/Inea\/wp-content\/uploads\/2025\/05\/2025-Bordeaux_Fonciere-INEA_5.jpg\"><\/div>\n                <div class=\"overlay d-flex align-items-center\">\n        <div class=\"container mb-5 mb-lg-0\">\n            <div class=\"row justify-content-start\">\n                <div class=\"col-lg-8 text-left\">\n                    <div class=\"parallax-content-wrapper\">\n                        <div class=\"title-wrapper\">\n                                                                                                                    <h2 class=\"title text-white\" data-aos='fade-up' data-aos-duration='800' data-aos-easing='ease-in-out'>La seule fonci\u00e8re cot\u00e9e sp\u00e9cialis\u00e9e dans l&rsquo;immobilier d&rsquo;entreprise durable en r\u00e9gions<\/h2>\n                                                    <\/div>\n                                                    <div class=\"content-wysiwyg text-white d-inline-block\" data-aos='fade-up' data-aos-duration='800'  data-aos-easing='ease-in-out' data-aos-delay='300'>\n                                <p>D\u00e8s sa cr\u00e9ation en 2005, INEA a mis\u00e9 sur le potentiel de d\u00e9veloppement \u00e9conomique des r\u00e9gions. Ce positionnement historique sur un march\u00e9 sain et porteur la conduit aujourd\u2019hui \u00e0 y \u00eatre un acteur majeur de l\u2019investissement immobilier, disposant d\u2019un patrimoine neuf, rentable et vert.<\/p>\n                            <\/div>\n                                            <\/div>\n                <\/div>\n            <\/div>\n                                <\/div>\n                <div class=\"bottom-fixed\">\n                                        <div class=\"text-center\">\n                    <div class=\"icon-scroll\"><svg xmlns=\"http:\/\/www.w3.org\/2000\/svg\" width=\"17.828\" height=\"19.328\"><g fill=\"none\" stroke=\"#fff\" stroke-linecap=\"round\" stroke-width=\"2\"><path data-name=\"Trac\u00e9 82\" d=\"M1.414 10.414l7.5 7.5 7.5-7.5\"\/><path data-name=\"Trac\u00e9 83\" d=\"M1.414 1.414l7.5 7.5 7.5-7.5\"\/><\/g><\/svg><\/div>\n                <\/div>\n                    <\/div>\n            <\/div>\n    <\/section>\n\n<section class=\"block-inea-content jm2025-bloc-2columns jm2025-bloc-withcolumns has_bg_img bg-parallax  full-screen has-bottom-fixed single-content\" >\n            <div class=\"bg-img default \"  style=\"background-image: url(https:\/\/nostromo.fr\/Inea\/wp-content\/uploads\/2025\/05\/2025-felix-chaumery-OAmCp8OwK3I-unsplash-V2.jpg\"><\/div>\n                <div class=\"overlay d-flex align-items-center\">\n        <div class=\"container mb-5 mb-lg-0\">\n            <div class=\"row justify-content-start\">\n                <div class=\"col-lg-12 text-left\">\n                    <div class=\"parallax-content-wrapper\">\n                        <div class=\"title-wrapper\">\n                                                                                                            <\/div>\n                                            <\/div>\n                <\/div>\n            <\/div>\n                            <div class=\"row justify-content-center content-columns mobile-column\">\n                    <div class=\"col-lg-12\">\n                        <div class=\"row justify-content-center\">\n                                                                                        <div class=\"col-9 col-lg-4 mb-3 mb-lg-0 elem-column\" data-aos=\"fade-up\" data-aos-duration=\"600\" data-aos-easing=\"ease-in-out\" data-aos-delay=\"800\" data-aos-anchor=\"\" data-aos-anchor-placement=\"top\">\n                                                                                                                <div class=\"content text-white\"><div class=\"title-wrapper\">\r\n<h2 class=\"title text-white aos-init aos-animate jm2025-wide-title\" data-aos=\"fade-up\" data-aos-duration=\"800\" data-aos-easing=\"ease-in-out\">Au c\u0153ur de la croissance \u00e9conomique<\/h2>\r\n<\/div>\r\nNos immeubles sont strat\u00e9giquement bien situ\u00e9s, l\u00e0 o\u00f9 se cr\u00e9ent la croissance et la valeur.\r\n<p><\/p>\r\n<div class=\"text-left\">\r\n<a class=\"btn-link d-inline-flex align-items-center justify-content-center\" href=\"https:\/\/nostromo.fr\/Inea\/actifs\">D\u00e9couvrir nos actifs<svg xmlns=\"http:\/\/www.w3.org\/2000\/svg\" width=\"22\" height=\"22\"><g transform=\"rotate(-90 11 6)\" fill=\"none\" stroke=\"#fff\" stroke-width=\"2\"><path data-name=\"Trac\u00e9 80\" d=\"M6 1.5v9\" stroke-linecap=\"round\"><\/path><path data-name=\"Trac\u00e9 81\" d=\"M3 7.5l3 3 3-3\" stroke-linecap=\"round\"><\/path><circle data-name=\"Ellipse 1\" cx=\"10\" cy=\"10\" r=\"10\" transform=\"rotate(180 8 8)\"><\/circle><\/g><\/svg><\/a>\r\n<\/div><\/div>\n                                                                    <\/div>\n                                                                                            <div class=\"col-9 col-lg-4 mb-3 mb-lg-0 elem-column\" data-aos=\"fade-up\" data-aos-duration=\"600\" data-aos-easing=\"ease-in-out\" data-aos-delay=\"1000\" data-aos-anchor=\"\" data-aos-anchor-placement=\"top\">\n                                                                            <div class=\"title text-white\">88&nbsp;%<\/div>\n                                                                                                                <div class=\"content text-white\">du patrimoine bureaux d\u2019INEA est situ\u00e9 dans les 8 principales m\u00e9tropoles r\u00e9gionales.<\/div>\n                                                                    <\/div>\n                                                                                    <\/div>\n                    <\/div>\n                <\/div>\n                                <\/div>\n                <div class=\"bottom-fixed\">\n                                        <div class=\"text-center\">\n                    <div class=\"icon-scroll\"><svg xmlns=\"http:\/\/www.w3.org\/2000\/svg\" width=\"17.828\" height=\"19.328\"><g fill=\"none\" stroke=\"#fff\" stroke-linecap=\"round\" stroke-width=\"2\"><path data-name=\"Trac\u00e9 82\" d=\"M1.414 10.414l7.5 7.5 7.5-7.5\"\/><path data-name=\"Trac\u00e9 83\" d=\"M1.414 1.414l7.5 7.5 7.5-7.5\"\/><\/g><\/svg><\/div>\n                <\/div>\n                    <\/div>\n            <\/div>\n    <\/section>\n\n<section class=\"block-inea-content  has_bg_img bg-parallax has-layer full-screen has-bottom-fixed single-content\" >\n            <div class=\"bg-img default \"  style=\"background-image: url(https:\/\/nostromo.fr\/Inea\/wp-content\/uploads\/2025\/05\/2025-WEB-Cesson-Sevigne-CYBERPLACE-22-novembre-2023-Dimitri-LAMOUR-_DS24706-24706.jpg\"><\/div>\n                <div class=\"overlay d-flex align-items-center\">\n        <div class=\"container mb-5 mb-lg-0\">\n            <div class=\"row justify-content-start\">\n                <div class=\"col-lg-6 text-left\">\n                    <div class=\"parallax-content-wrapper\">\n                        <div class=\"title-wrapper\">\n                                                                                                                    <h2 class=\"title text-white\" data-aos='fade-up' data-aos-duration='800' data-aos-easing='ease-in-out'>100&nbsp;% en phase avec les tendances<\/h2>\n                                                    <\/div>\n                                                    <div class=\"content-wysiwyg text-white d-inline-block\" data-aos='fade-up' data-aos-duration='800'  data-aos-easing='ease-in-out' data-aos-delay='300'>\n                                <p>Flex office, coworking\u2026 Notre patrimoine, modulable et divisible, est adapt\u00e9 aux nouveaux modes d\u2019organisation du travail, ainsi qu\u2019aux exigences actuelles des utilisateurs (espaces de convivialit\u00e9, terrasses\u2026).<\/p>\n                            <\/div>\n                                            <\/div>\n                <\/div>\n            <\/div>\n                                <\/div>\n                <div class=\"bottom-fixed\">\n                                        <div class=\"text-center\">\n                    <div class=\"icon-scroll\"><svg xmlns=\"http:\/\/www.w3.org\/2000\/svg\" width=\"17.828\" height=\"19.328\"><g fill=\"none\" stroke=\"#fff\" stroke-linecap=\"round\" stroke-width=\"2\"><path data-name=\"Trac\u00e9 82\" d=\"M1.414 10.414l7.5 7.5 7.5-7.5\"\/><path data-name=\"Trac\u00e9 83\" d=\"M1.414 1.414l7.5 7.5 7.5-7.5\"\/><\/g><\/svg><\/div>\n                <\/div>\n                    <\/div>\n            <\/div>\n    <\/section>","protected":false},"excerpt":{"rendered":"","protected":false},"author":3,"featured_media":0,"parent":0,"menu_order":0,"comment_status":"closed","ping_status":"closed","template":"","meta":{"_acf_changed":false,"inline_featured_image":false,"footnotes":""},"class_list":["post-11683","page","type-page","status-publish","hentry"],"acf":[],"_links":{"self":[{"href":"https:\/\/nostromo.fr\/Inea\/wp-json\/wp\/v2\/pages\/11683","targetHints":{"allow":["GET"]}}],"collection":[{"href":"https:\/\/nostromo.fr\/Inea\/wp-json\/wp\/v2\/pages"}],"about":[{"href":"https:\/\/nostromo.fr\/Inea\/wp-json\/wp\/v2\/types\/page"}],"author":[{"embeddable":true,"href":"https:\/\/nostromo.fr\/Inea\/wp-json\/wp\/v2\/users\/3"}],"replies":[{"embeddable":true,"href":"https:\/\/nostromo.fr\/Inea\/wp-json\/wp\/v2\/comments?post=11683"}],"version-history":[{"count":15,"href":"https:\/\/nostromo.fr\/Inea\/wp-json\/wp\/v2\/pages\/11683\/revisions"}],"predecessor-version":[{"id":11854,"href":"https:\/\/nostromo.fr\/Inea\/wp-json\/wp\/v2\/pages\/11683\/revisions\/11854"}],"wp:attachment":[{"href":"https:\/\/nostromo.fr\/Inea\/wp-json\/wp\/v2\/media?parent=11683"}],"curies":[{"name":"wp","href":"https:\/\/api.w.org\/{rel}","templated":true}]}}